{"id":33,"date":"2016-10-25T12:30:28","date_gmt":"2016-10-25T10:30:28","guid":{"rendered":"http:\/\/www.universante-urepsss.fr\/?page_id=33"},"modified":"2021-07-13T10:41:04","modified_gmt":"2021-07-13T08:41:04","slug":"agenda","status":"publish","type":"page","link":"https:\/\/www.universante-urepsss.fr\/index.php\/agenda\/","title":{"rendered":"Agenda"},"content":{"rendered":"<p>Cette ann\u00e9e, les journ\u00e9es Universant\u00e9 auront lieu :<\/p>\n<p>&#8211; Le 28 octobre 2021 \u00e0 Boulogne sur Mer de 10h00 \u00e0 17h00 \u00e0 la Biblioth\u00e8que Universitaire<\/p>\n<p>&#8211; Le 18 novembre 2021 \u00e0 Calais de 9h30 \u00e0 17h00 \u00e0 la Biblioth\u00e8que Universitaire<\/p>\n<p>&#8211; Le 25 novembre 2021\u00a0 \u00e0 Dunkerque de 9h30 \u00e0 17h00 \u00e0 la Maison des \u00c9tudiants<\/p>\n<p>&#8211; Le 9 d\u00e9cembre 2021 \u00e0 Longuenesse de 9h30 \u00e0 17h00 \u00e0 l\u2019IUT<\/p>\n<p>&nbsp;<\/p>\n<p>&nbsp;<\/p>\n<p><img loading=\"lazy\" class=\"size-full wp-image-14 aligncenter\" src=\"http:\/\/www.universante-urepsss.fr\/wp-content\/uploads\/2016\/10\/logos.jpg\" alt=\"logos\" width=\"730\" height=\"116\" srcset=\"https:\/\/www.universante-urepsss.fr\/wp-content\/uploads\/2016\/10\/logos.jpg 730w, https:\/\/www.universante-urepsss.fr\/wp-content\/uploads\/2016\/10\/logos-300x48.jpg 300w, https:\/\/www.universante-urepsss.fr\/wp-content\/uploads\/2016\/10\/logos-676x107.jpg 676w\" sizes=\"(max-width: 730px) 100vw, 730px\" \/><img loading=\"lazy\" class=\"size-full wp-image-196 aligncenter\" src=\"http:\/\/www.universante-urepsss.fr\/wp-content\/uploads\/2018\/11\/barre2.jpg\" alt=\"\" width=\"493\" height=\"116\" srcset=\"https:\/\/www.universante-urepsss.fr\/wp-content\/uploads\/2018\/11\/barre2.jpg 493w, https:\/\/www.universante-urepsss.fr\/wp-content\/uploads\/2018\/11\/barre2-300x71.jpg 300w\" sizes=\"(max-width: 493px) 100vw, 493px\" \/><\/p>\n","protected":false},"excerpt":{"rendered":"<p>Cette ann\u00e9e, les journ\u00e9es Universant\u00e9 auront lieu : &#8211; Le 28 octobre 2021 \u00e0 Boulogne sur Mer de 10h00 \u00e0 17h00 \u00e0 la Biblioth\u00e8que Universitaire &#8211; Le 18 novembre 2021 \u00e0 Calais de 9h30 \u00e0 17h00 \u00e0 la Biblioth\u00e8que Universitaire &#8211; Le 25 novembre 2021\u00a0 \u00e0 Dunkerque de 9h30 \u00e0 17h00 \u00e0 la Maison des [&hellip;]<\/p>\n","protected":false},"author":1,"featured_media":0,"parent":0,"menu_order":0,"comment_status":"closed","ping_status":"closed","template":"","meta":[],"_links":{"self":[{"href":"https:\/\/www.universante-urepsss.fr\/index.php\/wp-json\/wp\/v2\/pages\/33"}],"collection":[{"href":"https:\/\/www.universante-urepsss.fr\/index.php\/wp-json\/wp\/v2\/pages"}],"about":[{"href":"https:\/\/www.universante-urepsss.fr\/index.php\/wp-json\/wp\/v2\/types\/page"}],"author":[{"embeddable":true,"href":"https:\/\/www.universante-urepsss.fr\/index.php\/wp-json\/wp\/v2\/users\/1"}],"replies":[{"embeddable":true,"href":"https:\/\/www.universante-urepsss.fr\/index.php\/wp-json\/wp\/v2\/comments?post=33"}],"version-history":[{"count":11,"href":"https:\/\/www.universante-urepsss.fr\/index.php\/wp-json\/wp\/v2\/pages\/33\/revisions"}],"predecessor-version":[{"id":281,"href":"https:\/\/www.universante-urepsss.fr\/index.php\/wp-json\/wp\/v2\/pages\/33\/revisions\/281"}],"wp:attachment":[{"href":"https:\/\/www.universante-urepsss.fr\/index.php\/wp-json\/wp\/v2\/media?parent=33"}],"curies":[{"name":"wp","href":"https:\/\/api.w.org\/{rel}","templated":true}]}}