{"id":163,"date":"2018-06-28T17:05:11","date_gmt":"2018-06-28T15:05:11","guid":{"rendered":"http:\/\/www.universante-urepsss.fr\/?page_id=163"},"modified":"2021-01-11T15:01:51","modified_gmt":"2021-01-11T14:01:51","slug":"enregistrements-colloque-2018","status":"publish","type":"page","link":"https:\/\/www.universante-urepsss.fr\/index.php\/enregistrements-colloque-2018\/","title":{"rendered":"Enregistrements colloque 2018"},"content":{"rendered":"<h3 style=\"text-align: center;\"><strong> \u00ab La sant\u00e9 des \u00e9tudiants en question \u00bb<\/strong><\/h3>\n<h3 style=\"text-align: center;\"><strong>Journ\u00e9e Denis Theunynck<\/strong><\/h3>\n<h3 style=\"text-align: center;\"><em>15 juin 2018, Dunkerque<\/em><\/h3>\n<h3 style=\"text-align: center;\">Enregistrements vid\u00e9o et pr\u00e9sentations<\/h3>\n<p style=\"text-align: center;\"><em>Les enregistrements sont chapitr\u00e9s, vous pouvez utiliser le bouton \u00ab Chapitre \u00bb en bas \u00e0 droite de la vid\u00e9o pour acc\u00e9der directement \u00e0 une intervention particuli\u00e8re<\/em><\/p>\n<table>\n<tbody>\n<tr>\n<td width=\"18%\">8h50-9h00<\/td>\n<td>Ouverture du colloque<\/td>\n<\/tr>\n<tr>\n<td>9h00-10h00<\/td>\n<td><a href=\"http:\/\/www.universante-urepsss.fr\/wp-content\/uploads\/2018\/06\/saleh.pdf\" target=\"_blank\" rel=\"noopener noreferrer\">Sant\u00e9 mentale et gestion du stress chez des \u00e9tudiants \u00e0 l\u2019universit\u00e9 : mise en place et \u00e9valuation d\u2019un programme de gestion du stress par internet<\/a> &#8211; Dalia Saleh, Universit\u00e9 de Tishrine &#8211; Syrie.<\/td>\n<\/tr>\n<tr>\n<td>10h00-10h30<\/td>\n<td>Pause<\/td>\n<\/tr>\n<tr>\n<td>10h30-11h45<\/td>\n<td>\n<table width=\"90%\" align=\"CENTER\">\n<tbody>\n<tr>\n<td><a href=\"http:\/\/www.universante-urepsss.fr\/wp-content\/uploads\/2018\/06\/esposito.pdf\" target=\"_blank\" rel=\"noopener noreferrer\">Stress in University, Italian case studies<\/a> &#8211; Maurizio Esposito, Universit\u00e0 di Cassino e del Lazio Meridionale.<\/td>\n<\/tr>\n<tr>\n<td><a href=\"http:\/\/www.universante-urepsss.fr\/wp-content\/uploads\/2018\/06\/porrovecchio.pdf\" target=\"_blank\" rel=\"noopener noreferrer\">Strat\u00e9gies de r\u00e9sistance alimentaire et nouvelles gastro-anomies : EPICEES, une recherche-intervention<\/a> &#8211; Alessandro Porrovecchio, Universit\u00e9 de Lille.<\/td>\n<\/tr>\n<tr>\n<td><a href=\"http:\/\/www.universante-urepsss.fr\/wp-content\/uploads\/2018\/06\/tavolacci.pdf\" target=\"_blank\" rel=\"noopener noreferrer\">Evolution du tabagisme, de la consommation de cannabis et du binge drinking chez les \u00e9tudiants Normands de 2009 \u00e0 2016<\/a> &#8211; Marie pierre Tavolacci, Universit\u00e9 de Rouen.<\/td>\n<\/tr>\n<tr>\n<td><a href=\"http:\/\/www.universante-urepsss.fr\/wp-content\/uploads\/2018\/06\/ladner.pdf\" target=\"_blank\" rel=\"noopener noreferrer\">L\u2019activit\u00e9 physique chez les \u00e9tudiants \u00e0 l\u2019universit\u00e9 : vers de nouveaux challenges de sant\u00e9 publique. Une \u00e9tude dans deux universit\u00e9s fran\u00e7aises<\/a> &#8211; Jo\u00ebl Ladner, Universit\u00e9 de Rouen.<\/td>\n<\/tr>\n<tr>\n<td><a href=\"http:\/\/www.universante-urepsss.fr\/wp-content\/uploads\/2018\/06\/hurdiel.pdf\" target=\"_blank\" rel=\"noopener noreferrer\">Am\u00e9lioration du sommeil par l\u2019activit\u00e9 physique<\/a> &#8211; R\u00e9my Hurdiel, ULCO.<\/td>\n<\/tr>\n<\/tbody>\n<\/table>\n<\/td>\n<\/tr>\n<tr>\n<td>11h45-12h30<\/td>\n<td>Questions et d\u00e9bat avec la salle<\/td>\n<\/tr>\n<tr>\n<td colspan=\"2\"><center><a href=\"https:\/\/podulco.univ-littoral.fr\/video\/0418-universante-vendredi-15-juin-2018-a-10h31\/\" target=\"_blank\" rel=\"noopener noreferrer\">Enregistrement vid\u00e9o index\u00e9 de la matin\u00e9e<\/a><\/center><\/td>\n<\/tr>\n<tr>\n<td>12h30-13h45<\/td>\n<td>Cocktail dinatoire<\/td>\n<\/tr>\n<tr>\n<td>13h45-14h30<\/td>\n<td>Communications par des \u00e9tudiants dans le cadre du Prix Denis Theunynck.<\/p>\n<table width=\"90%\" align=\"CENTER\">\n<tbody>\n<tr>\n<td><a href=\"http:\/\/www.universante-urepsss.fr\/wp-content\/uploads\/2018\/06\/van-hal.pdf\" target=\"_blank\" rel=\"noopener noreferrer\">Cross-cultural differences in alcohol consumption and alcohol use disorder of university students from Antwerp and KwaZulu-Nata<\/a>l &#8211; Ynke Larivi\u00e8re, Yasemine Ina\u00e7. University of Antwerp \/ Belgium<\/td>\n<\/tr>\n<tr>\n<td><a href=\"http:\/\/www.universante-urepsss.fr\/wp-content\/uploads\/2018\/06\/falempin.pdf\" target=\"_blank\" rel=\"noopener noreferrer\">L\u2019influence de la condition physique et du bien \u00eatre dans la r\u00e9ussite acad\u00e9mique en Licence STAPS. Comment proposer une s\u00e9lection juste et la plus adapt\u00e9e possible \u00e0 l\u2019entr\u00e9e dans le cursus STAPS ?<\/a> &#8211; Julien Falempin. ULCO<\/td>\n<\/tr>\n<tr>\n<td><a href=\"http:\/\/www.universante-urepsss.fr\/wp-content\/uploads\/2018\/06\/ehesp.pdf\" target=\"_blank\" rel=\"noopener noreferrer\">La sant\u00e9 des \u00e9tudiants-entrepreneurs<\/a> &#8211; L\u00e9o Paul Donzel, Lucie Le Gourrierec, Ana Millot, Lise Poirier, Ollivier Prigent. Ecole des Hautes Etudes en Sant\u00e9 Publique (EHESP), Universit\u00e9 de Rennes 1<\/td>\n<\/tr>\n<\/tbody>\n<\/table>\n<\/td>\n<\/tr>\n<tr>\n<td>14h30-14h45<\/td>\n<td>Utilisation du programme Universant\u00e9 \u00e0 L\u2019IFSI de Dunkerque par Sylvie Wintrebert et St\u00e9phanie Clais.<\/p>\n<p style=\"text-align: center;\"><a href=\"http:\/\/www.universante-urepsss.fr\/wp-content\/uploads\/2018\/06\/ifsi-dunkerque-1.pdf\" target=\"_blank\" rel=\"noopener noreferrer\">Pr\u00e9sentation 1<\/a> \/ <a href=\"http:\/\/www.universante-urepsss.fr\/wp-content\/uploads\/2018\/06\/ifsi-dunkerque-2.pdf\" target=\"_blank\" rel=\"noopener noreferrer\">Pr\u00e9sentation 2<\/a><\/p>\n<\/td>\n<\/tr>\n<tr>\n<td>14h45-15h45<\/td>\n<td>\u00ab\u00a0Programme s\u00e9dentaire\u00a0\u00bb \u2013 Haute Ecole de Sant\u00e9 de Vaud (HESAV) &#8211; SUISSE par Carla Reis et Kenny Guex.<\/p>\n<p style=\"text-align: center;\"><a href=\"http:\/\/www.universante-urepsss.fr\/wp-content\/uploads\/2018\/06\/guex.pdf\" target=\"_blank\" rel=\"noopener noreferrer\">Pr\u00e9sentation Kenny Guex<\/a> \/ <a href=\"http:\/\/www.universante-urepsss.fr\/wp-content\/uploads\/2018\/06\/reis.pdf\" target=\"_blank\" rel=\"noopener noreferrer\">Pr\u00e9sentation Carla Reis<\/a><\/p>\n<p style=\"text-align: center;\">Vid\u00e9o YouTube : <a href=\"https:\/\/www.youtube.com\/watch?v=Acnka-7LDR8\" target=\"_blank\" rel=\"noopener noreferrer\">TeamPulse<\/a> \/ <a href=\"https:\/\/www.youtube.com\/watch?v=q5wUrzT5pbs\" target=\"_blank\" rel=\"noopener noreferrer\">Carla Reis sur RTS<\/a><\/p>\n<\/td>\n<\/tr>\n<tr>\n<td>15h45-16h15<\/td>\n<td><a href=\"http:\/\/www.universante-urepsss.fr\/wp-content\/uploads\/2018\/07\/howest.pdf\" target=\"_blank\" rel=\"noopener noreferrer\">Les actions de pr\u00e9vention sant\u00e9 &#8211; Howest University of Applied Sciences de Bruges<\/a> par Marie Vermast et Sigrid Van den Branden<\/td>\n<\/tr>\n<tr>\n<td>16h15-16h30<\/td>\n<td>Remise du Prix Denis Theunynck et c\u00e9r\u00e9monie de cl\u00f4ture<\/td>\n<\/tr>\n<tr>\n<td colspan=\"2\"><center><a href=\"https:\/\/podulco.univ-littoral.fr\/video\/0424-universante-vendredi-15-juin-2018-a-15h25\/\" target=\"_blank\" rel=\"noopener noreferrer\">Enregistrement vid\u00e9o index\u00e9 de l&rsquo;apr\u00e8s-midi <\/a><\/center><\/td>\n<\/tr>\n<\/tbody>\n<\/table>\n","protected":false},"excerpt":{"rendered":"<p>\u00ab La sant\u00e9 des \u00e9tudiants en question \u00bb Journ\u00e9e Denis Theunynck 15 juin 2018, Dunkerque Enregistrements vid\u00e9o et pr\u00e9sentations Les enregistrements sont chapitr\u00e9s, vous pouvez utiliser le bouton \u00ab Chapitre \u00bb en bas \u00e0 droite de la vid\u00e9o pour acc\u00e9der directement \u00e0 une intervention particuli\u00e8re 8h50-9h00 Ouverture du colloque 9h00-10h00 Sant\u00e9 mentale et gestion du [&hellip;]<\/p>\n","protected":false},"author":1,"featured_media":0,"parent":0,"menu_order":0,"comment_status":"closed","ping_status":"closed","template":"","meta":[],"_links":{"self":[{"href":"https:\/\/www.universante-urepsss.fr\/index.php\/wp-json\/wp\/v2\/pages\/163"}],"collection":[{"href":"https:\/\/www.universante-urepsss.fr\/index.php\/wp-json\/wp\/v2\/pages"}],"about":[{"href":"https:\/\/www.universante-urepsss.fr\/index.php\/wp-json\/wp\/v2\/types\/page"}],"author":[{"embeddable":true,"href":"https:\/\/www.universante-urepsss.fr\/index.php\/wp-json\/wp\/v2\/users\/1"}],"replies":[{"embeddable":true,"href":"https:\/\/www.universante-urepsss.fr\/index.php\/wp-json\/wp\/v2\/comments?post=163"}],"version-history":[{"count":13,"href":"https:\/\/www.universante-urepsss.fr\/index.php\/wp-json\/wp\/v2\/pages\/163\/revisions"}],"predecessor-version":[{"id":275,"href":"https:\/\/www.universante-urepsss.fr\/index.php\/wp-json\/wp\/v2\/pages\/163\/revisions\/275"}],"wp:attachment":[{"href":"https:\/\/www.universante-urepsss.fr\/index.php\/wp-json\/wp\/v2\/media?parent=163"}],"curies":[{"name":"wp","href":"https:\/\/api.w.org\/{rel}","templated":true}]}}